de 21866?
False
Is 2943106 a multiple of 106?
False
Is 223 a factor of 531626?
False
Is 128 a factor of 869319?
False
Does 8 divide 32976?
True
Is 16250400 a multiple of 48?
True
Does 59 divide 3931878?
True
Is 80 a factor of 267461?
False
Does 13 divide 1471128?
False
Is 2337240 a multiple of 120?
True
Is 134 a factor of 199749?
False
Does 81 divide 437562?
True
Is 174057 a multiple of 36?
False
Is 49 a factor of 1767825?
False
Is 266 a factor of 597140?
False
Is 425 a factor of 784963?
False
Is 5147496 a multiple of 553?
False
Does 422 divide 459980?
True
Is 70 a factor of 17103715?
False
Is 10783237 a multiple of 294?
False
Does 59 divide 500788?
False
Is 1362744 a multiple of 486?
True
Is 7 a factor of 454640?
False
Does 58 divide 545154?
False
Is 13 a factor of 269698?
True
Is 71720 a multiple of 20?
True
Is 46 a factor of 370505?
False
Is 18228644 a multiple of 28?
True
Is 2215755 a multiple of 558?
False
Does 5 divide 7140?
True
Is 28 a factor of 278964?
True
Does 34 divide 176086?
True
Does 84 divide 108958?
False
Is 4907280 a multiple of 889?
True
Does 2 divide 215787?
False
Does 43 divide 5367647?
True
Does 22 divide 1484802?
True
Is 35055 a multiple of 19?
True
Is 612456 a multiple of 12?
True
Is 254 a factor of 854373?
False
Is 21 a factor of 75960?
False
Does 29 divide 448050?
True
Is 28803 a multiple of 15?
False
Is 73 a factor of 5212930?
True
Is 20 a factor of 17306180?
True
Does 7 divide 57068?
False
Does 1804 divide 10468612?
True
Does 28 divide 378728?
True
Does 715 divide 2616185?
True
Is 750474 a multiple of 173?
True
Is 745413 a multiple of 166?
False
Is 9 a factor of 116179?
False
Is 27359926 a multiple of 83?
False
Is 468 a factor of 4002652?
False
Is 100 a factor of 5458098?
False
Is 362 a factor of 1253606?
True
Is 3339565 a multiple of 505?
True
Is 29 a factor of 7183?
False
Is 1476947 a multiple of 96?
False
Is 24 a factor of 665088?
True
Is 7757036 a multiple of 14?
True
Is 7 a factor of 92929?
False
Does 47 divide 1047536?
True
Is 392 a factor of 103612?
False
Is 6056674 a multiple of 326?
False
Is 10516685 a multiple of 12?
False
Is 78 a factor of 414960?
True
Does 35 divide 7735?
True
Is 9 a factor of 104652?
True
Is 11 a factor of 7715290?
True
Is 922 a factor of 1720261?
False
Is 57536 a multiple of 116?
True
Does 113 divide 3686818?
False
Does 5 divide 89980?
True
Is 156 a factor of 235986?
False
Does 13 divide 152517?
False
Is 569536 a multiple of 68?
False
Does 28 divide 3732792?
True
Is 14 a factor of 11877619?
False
Is 42048 a multiple of 8?
True
Is 105592 a multiple of 134?
True
Is 17004 a multiple of 3?
True
Is 56 a factor of 1489945?
False
Is 5871215 a multiple of 891?
False
Does 187 divide 86318?
False
Is 128 a factor of 1011968?
True
Does 138 divide 6983014?
False
Is 815832 a multiple of 24?
True
Does 15 divide 79440?
True
Is 13 a factor of 976586?
True
Is 94438 a multiple of 16?
False
Is 1577415 a multiple of 105?
True
Is 319 a factor of 495407?
True
Does 18 divide 240858?
True
Does 15 divide 379005?
True
Is 55 a factor of 13820?
False
Is 145229 a multiple of 256?
False
Does 834 divide 176808?
True
Is 51 a factor of 131937?
True
Is 242 a factor of 2961675?
False
Does 102 divide 527136?
True
Is 476 a factor of 374136?
True
Does 3 divide 1154810?
False
Is 1133397 a multiple of 51?
False
Is 680 a factor of 1181448?
False
Is 51585 a multiple of 8?
False
Is 104718 a multiple of 31?
True
Is 4251812 a multiple of 146?
True
Is 83724 a multiple of 3?
True
Does 21 divide 1026711?
True
Is 1436932 a multiple of 74?
True
Is 251 a factor of 49406?
False
Is 310300 a multiple of 290?
True
Is 13 a factor of 131112?
False
Does 142 divide 1152821?
False
Does 345 divide 8874061?
False
Is 9 a factor of 102116?
False
Does 25 divide 121295?
False
Does 43 divide 536124?
True
Is 37 a factor of 322555?
False
Does 18 divide 893775?
False
Is 257363 a multiple of 17?
True
Is 10780 a multiple of 17?
False
Is 51 a factor of 252297?
True
Is 225 a factor of 1490400?
True
Is 71 a factor of 8538886?
True
Is 638204 a multiple of 161?
True
Is 16 a factor of 12815411?
False
Does 26 divide 1518492?
False
Is 94 a factor of 102460?
True
Does 90 divide 1397881?
False
Does 4 divide 29140?
True
Is 1740069 a multiple of 1861?
False
Is 6775153 a multiple of 55?
False
Does 1128 divide 2722992?
True
Is 100 a factor of 785600?
True
Does 14 divide 7742518?
True
Is 8932725 a multiple of 185?
True
Is 4 a factor of 49003?
False
Is 75144 a multiple of 93?
True
Is 824 a factor of 3089110?
False
Does 1157 divide 712712?
True
Does 15 divide 14266770?
True
Is 733134 a multiple of 218?
True
Does 3 divide 8622?
True
Is 19 a factor of 1866978?
True
Is 10 a factor of 607727?
False
Does 47 divide 27142?
False
Does 101 divide 179174?
True
Does 412 divide 4410460?
True
Is 144536 a multiple of 124?
False
Is 7095792 a multiple of 373?
False
Does 33 divide 5388439?
False
Does 3 divide 3080?
False
Is 69 a factor of 12765?
True
Is 52 a factor of 111696?
True
Is 5806161 a multiple of 81?
True
Does 1111 divide 2548602?
False
Is 294844 a multiple of 11?
True
Is 58 a factor of 719838?
True
Does 71 divide 103234?
True
Is 958 a factor of 6870776?
True
Is 707750 a multiple of 38?
True
Is 1684650 a multiple of 3?
True
Is 331966 a multiple of 23?
False
Does 18 divide 131850?
True
Is 12496224 a multiple of 272?
True
Does 224 divide 1808576?
True
Is 64524 a multiple of 19?
True
Does 17 divide 5007861?
False
Does 66 divide 1755798?
True
Is 17 a factor of 144687?
True
Does 34 divide 2676407?
False
Is 98 a factor of 6654298?
True
Does 5 divide 582754?
False
Does 493 divide 127633?
False
Is 9 a factor of 93177?
True
Is 14 a factor of 1632?
False
Does 968 divide 2204611?
False
Is 19 a factor of 192182?
False
Does 36 divide 76486?
False
Is 97410 a multiple of 51?
True
Is 338754 a multiple of 129?
True
Is 882068 a multiple of 44?
True
Does 57 divide 336744?
False
Is 85762 a multiple of 91?
False
Does 34 divide 96196?
False
Is 36917 a multiple of 67?
True
Is 178416 a multiple of 56?
True
Does 101 divide 2032558?
False
Is 182 a factor of 8864123?
False
Does 173 divide 10934465?
True
Does 14 divide 307683?
False
Does 21 divide 2899027?
False
Is 27 a factor of 6102490?
False
Does 70 divide 602910?
True
Does 48 divide 140093?
False
Is 29 a factor of 78590?
True
Is 66400 a multiple of 166?
True
Does 378 divide 782460?
True
Does 6 divide 5546937?
False
Is 160 a factor of 2731200?
True
Does 18 divide 775134?
True
Does 510 divide 794070?
True
Is 56 a factor of 644952?
True
Is 139 a factor of 181812?
True
Is 59 a factor of 15399?
True
Does 56 divide 1232?
True
Is 43 a factor of 49149?
True
Is 195 a factor of 949114?
False
Does 52 divide 9711896?
False
Is 210 a factor of 616140?
True
Is 12 a factor of 280944?
True
Is 926774 a multiple of 55?
False
Is 68450 a multiple of 11?
False
Is 1592997 a multiple of 651?
True
Does 12 divide 229603?
False
Is 203 a factor of 472178?
True
Does 7 divide 285929?
True
Is 228232 a multiple of 12?
False
Is 102 a factor of 611767?
False
Is 101 a factor of 1802615?
False
Is 5308820 a multiple of 59?
True
Is 906306 a multiple of 33?
False
Is 191 a factor of 10515331?
False
Is 51 a factor of 275850?
False
Is 49 a factor of 9751?
True
Is 833 a factor of 5786382?
False
Is 59 a factor of 263275?
False
Does 265 divide 374445?
True
Is 47 a factor of 183253?
True
Is 21426 a multiple of 6?
True
Does 20 divide 752625?
False
Does 80 divide 6151?
False
Does 7 divide 24510?
False
Does 5 divide 528381?
False
Does 3 divide 112575?
True
Is 935 a factor of 3282809?
False
Is 6 a factor of 159617?
False
Is 11 a factor of 684376?
True
Is 14 a factor of 921648?
True
Does 139 divide 829413?
True
Is 40 a factor of 2226560?
True
Is 24233 a multiple of 37?
False
Is 13 a factor of 254170?
False
Is 55 a factor of 87670?
True
Is 59070 a multiple of 22?
True
Is 659121 a multiple of 10?
False
Is 279 a factor of 1213371?
True
Does 28 divide 2475088?
True
Is 328 a factor of 204016?
True
Is 347 a factor of 112404?
False
Is 1220794 a multiple of 83?
False
Does 38 divide 209342?
True
Is 598842 a multiple of 171?
True
Does 23 divide 58788?
True
Is 243179 even?
False
Is 569 a factor of 243532?
True
Is 17948 a multiple of 105?
False
Does 5 divide 66230?
True
Does 1521 divide 14756742?
True
Does 344 d